
17, 557, 6689
What are the prime factors of 38393025?
3, 5, 11, 173, 269
List the prime factors of 168646204.
2, 19, 116791
What are the prime factors of 10369274?
2, 23, 173, 1303
What are the prime factors of 798978364?
2, 3527, 56633
List the prime factors of 7320453126.
2, 3, 7, 174296503
What are the prime factors of 512835549?
3, 17, 1291, 7789
What are the prime factors of 57048083?
47, 223, 5443
What are the prime factors of 4129007?
4129007
List the prime factors of 6975828939.
3, 11933, 194861
List the prime factors of 11800444.
2, 19, 155269
List the prime factors of 171098878.
2, 37, 2312147
What are the prime factors of 551009132?
2, 71, 1940173
List the prime factors of 27552633.
3, 53, 149, 1163
What are the prime factors of 4855357945?
5, 19, 1153, 2333
List the prime factors of 4120084.
2, 1030021
What are the prime factors of 218195999?
7, 31170857
List the prime factors of 103072371.
3, 61, 439, 1283
What are the prime factors of 1084439896?
2, 19, 673, 10601
List the prime factors of 113265134.
2, 31, 53, 34469
List the prime factors of 1598893918.
2, 311, 677, 3797
List the prime factors of 79120113.
3, 599, 44029
What are the prime factors of 466099959?
3, 13, 229, 52189
What are the prime factors of 519877272?
2, 3, 17, 1274209
List the prime factors of 71610739.
67, 1068817
What are the prime factors of 258683664?
2, 3, 5389243
List the prime factors of 8782579847.
47, 186863401
List the prime factors of 23116062.
2, 3, 3852677
List the prime factors of 597363046.
2, 7, 42668789
What are the prime factors of 1146209722?
2, 7, 81872123
What are the prime factors of 165000972?
2, 3, 31, 443551
List the prime factors of 321996617.
9791, 32887
List the prime factors of 89194313.
13, 97, 5441
What are the prime factors of 1292664843?
3, 2087, 68821
List the prime factors of 31633239.
3, 11, 199, 4817
What are the prime factors of 44731995?
3, 5, 7, 11, 38729
List the prime factors of 781499175.
3, 5, 23, 181, 2503
List the prime factors of 385119747.
3, 42791083
What are the prime factors of 454697690?
2, 5, 1627, 27947
What are the prime factors of 15352882?
2, 239, 32119
List the prime factors of 406275707.
17, 163, 146617
List the prime factors of 364115100.
2, 3, 5, 61, 101, 197
List the prime factors of 199489379.
19, 1049, 10009
List the prime factors of 683149096.
2, 7, 83, 146977
What are the prime factors of 596149224?
2, 3, 11, 353, 6397
List the prime factors of 2849411243.
7, 127, 317, 10111
List the prime factors of 87777723.
3, 11, 2659931
What are the prime factors of 92789?
92789
List the prime factors of 156646594.
2, 13, 6024869
What are the prime factors of 778430364?
2, 3, 64869197
List the prime factors of 119037793.
7, 19, 47, 137, 139
List the prime factors of 728212655.
5, 4229, 34439
What are the prime factors of 190385174?
2, 7, 29, 263, 1783
List the prime factors of 336462938.
2, 7, 24033067
List the prime factors of 5240148.
2, 3, 17, 1511
What are the prime factors of 147675892?
2, 7, 13, 405703
List the prime factors of 53170806.
2, 3, 13, 681677
What are the prime factors of 14693582?
2, 173, 42467
What are the prime factors of 344320485?
3, 5, 22954699
What are the prime factors of 363442794?
2, 3, 11, 13, 43, 9851
List the prime factors of 40107060.
2, 3, 5, 7, 139, 229
What are the prime factors of 92964698?
2, 499, 93151
List the prime factors of 2422560789.
3, 11, 43, 569077
What are the prime factors of 92236331?
11, 61, 101, 1361
What are the prime factors of 249268382?
2, 11, 17, 666493
List the prime factors of 2249246449.
2249246449
List the prime factors of 72884205.
3, 5, 223, 269
What are the prime factors of 8327702?
2, 23, 269, 673
List the prime factors of 118356863.
211, 239, 2347
What are the prime factors of 1509481295?
5, 7, 31, 61, 22807
List the prime factors of 3569509306.
2, 11, 61, 619, 4297
What are the prime factors of 23973279?
3, 11, 726463
List the prime factors of 193581359.
641, 301999
List the prime factors of 128765420.
2, 5, 7, 41, 22433
What are the prime factors of 596569921?
31, 983, 19577
List the prime factors of 366917453.
7, 347, 151057
What are the prime factors of 302768560?
2, 5, 691, 5477
What are the prime factors of 1343165047?
7, 3067, 62563
List the prime factors of 102231771.
3, 197, 172981
What are the prime factors of 3778747908?
2, 3, 13, 29, 79, 97, 109
What are the prime factors of 3202262218?
2, 1601131109
What are the prime factors of 24434533?
23, 499, 2129
List the prime factors of 1278795093.
3, 73, 1723, 3389
What are the prime factors of 64004544?
2, 3, 111119
What are the prime factors of 25974982?
2, 11, 53, 22277
List the prime factors of 75989536.
2, 7, 339239
List the prime factors of 10720836.
2, 3, 7, 29, 163
List the prime factors of 1966187.
83, 23689
What are the prime factors of 5939877357?
3, 31, 21289883
What are the prime factors of 17424939?
3, 7, 113, 1049
List the prime factors of 56989749.
3, 31, 43, 14251
List the prime factors of 1655960738.
2, 827980369
List the prime factors of 38250791.
313, 122207
List the prime factors of 149550055.
5, 163, 183497
What are the prime factors of 3863766?
2, 3, 643961
List the prime factors of 90275459.
89, 1014331
List the prime factors of 31433563.
7, 4490509
What are the prime factors of 200030318?
2, 100015159
What are the prime factors of 178652876?
2, 29, 31, 49681
What are the prime factors of 1257750497?
1257750497
What are the prime factors of 5843268330?
2, 3, 5, 347, 561313
What are the prime factors of 782075274?
2, 3, 877, 148627
What are the prime factors of 169853371?
31, 71, 77171
What are the prime factors of 3441178389?
3, 11, 7793, 13381
List the prime factors of 240237500.
2, 5, 19219
List the prime factors of 1826885666.
2, 913442833
List the prime factors of 2068670658.
2, 3, 344778443
What are the prime factors of 569803392?
2, 3, 494621
List the prime factors of 49684614.
2, 3, 7, 1182967
What are the prime factors of 471223693?
19, 137, 181031
What are the prime factors of 277065812?
2, 563, 123031
List the prime factors of 1547787476.
2, 386946869
What are the prime factors of 16395301?
13, 1261177
What are the prime factors of 81500149?
81500149
List the prime factors of 12759132.
2, 3, 43, 79, 313
What are the prime factors of 228876433?
228876433
What are the prime factors of 63720417?
3, 61, 67, 5197
What are the prime factors of 92658856?
2, 67, 172871
What are the prime factors of 1091875426?
2, 545937713
List the prime factors of 4126943.
37, 111539
List the prime factors of 5369897382.
2, 3, 19, 130483
List the prime factors of 31567804.
2, 7891951
What are the prime factors of 303114707?
7, 2069, 20929
What are the prime factors of 25006117?
37, 675841
List the prime factors of 677959314.
2, 3, 389, 290471
What are the prime factors of 76159781?
53, 61, 23557
List the prime factors of 2079607486.
2, 11, 61, 839, 1847
List the prime factors of 1294092047.
7177, 180311
What are the prime factors of 60694214?
2, 7, 4335301
List the prime factors of 306646251.
3, 102215417
List the prime factors of 48151665.
3, 5, 39631
List the prime factors of 1789590446.
2, 7, 1867, 9781
List the prime factors of 2853065636.
2, 23, 31011583
List the prime factors of 55277010.
2, 3, 5, 67, 89, 103
List the prime factors of 139525294.
2, 421, 165707
List the prime factors of 438240147.
3, 233, 626953
What are the prime factors of 21028518?
2, 3, 7, 55631
List the prime factors of 55077888.
2, 3, 17929
List the prime factors of 6122919118.
2, 29, 105567571
List the prime factors of 6461071357.
13, 17, 29235617
What are the prime factors of 201016232?
2, 307, 81847
List the prime factors of 3489212644.
2, 113, 7719497
List the prime factors of 37416361.
37, 71, 14243
What are the prime factors of 854190180?
2, 3, 5, 149, 31849
List the prime factors of 225187414.
2, 2803, 40169
List the prime factors of 478565238.
2, 3, 397, 200909
What are the prime factors of 4121772195?
3, 5, 12911, 21283
List the prime factors of 250459375.
5, 80147
What are the prime factors of 3285420916?
2, 821355229
What are the prime factors of 67532910?
2, 3, 5, 181, 12437
List the prime factors of 201569437.
61, 101, 32717
What are the prime factors of 1297379380?
2, 5, 11, 29, 20